 of 18/n*1*30/(-4)?
9
Let w = 14 + 105. Let x = 132 - w. Suppose 0 = -x*n + 2*n + 792. What is the tens digit of n?
7
Suppose -m = 8 + 24. What is the tens digit of m/(-56) - (-4976)/14?
5
What is the units digit of ((-12)/(-15)*433565/66)/((-9)/(-27))?
6
Let s = 3 + 27. What is the hundreds digit of (-4592)/(-6) + ((-40)/s)/4?
7
Let a be (-3 + 26/4)*4/7. Suppose x - 323 = a*h, 0 = -2*x + 5*x - 4*h - 977. What is the tens digit of x?
3
Suppose 60*h + 19*h = 156420. What is the units digit of h?
0
Let m = -134 - -571. Let g = -271 + m. What is the units digit of g?
6
Let a = -13604 + 40912. What is the hundreds digit of a?
3
Suppose 13 = 5*u - 2. Suppose -b - o = -486, b - 474 = -0*b + u*o. What is the hundreds digit of b?
4
Let a(c) be the second derivative of c**3/2 + 2*c**2 + 16*c. Let h be a(0). Suppose 4*m = -5*y + 504, -2*y - 504 = -h*m + y. What is the tens digit of m?
2
Suppose 21*c + 183215 = 805865. What is the thousands digit of c?
9
Suppose 0 = 5*a + w - 37388, 17*a = 23*a - 4*w - 44850. What is the thousands digit of a?
7
What is the hundreds digit of 27/(2376/32) + 216464/44?
9
Suppose 9*i = 16346 + 7414. Let m = i + -1478. What is the hundreds digit of m?
1
Let k(g) = 2*g**3 - 67*g**2 + 74*g + 63. What is the ten thousands digit of k(38)?
1
Let u = 17189 + 2519. What is the tens digit of u?
0
What is the units digit of (-351040)/(-24)*156/65 + 3?
7
Let z = -69388 - -102924. What is the thousands digit of z?
3
Suppose -2565 - 795 = 15*y. Suppose -4*a = -9*a + 10. What is the hundreds digit of 4/a + (-33 - y)?
1
Suppose -67*j - 32*j - 46 = -2224. Let h = -19 - 1. Let r = h + j. What is the units digit of r?
2
Suppose l - u - 68 = 0, -2*u + 148 = 2*l - 7*u. Suppose 5*v = -d - 380 + 640, d - 260 = 3*v. Suppose 3*m - d = l. What is the tens digit of m?
0
Suppose r + 2*s + 21 = 132, -4*r + s + 489 = 0. Let l = r - -52. What is the units digit of l?
3
Let k(p) = -p**2 + 14*p - 56. Let q be k(13). Suppose 0*v + 5*v - 4*l = 243, 0 = -5*v - 2*l + 231. Let x = v + q. What is the units digit of x?
4
What is the tens digit of 226/(-3)*((-1209)/62 - -15)?
3
Let k = 1079 + -641. Let x(n) = 58*n + 1987. Let c be x(-39). Let w = k + c. What is the units digit of w?
3
Let w(t) = 16. Let x(u) = -u + 64. Let v(q) = 9*w(q) - 2*x(q). Let g be v(0). Suppose 0 = -15*y + g*y - 25. What is the units digit of y?
5
Let n(f) = -23*f**3 - 117*f**2 - 7*f + 81. What is the ten thousands digit of n(-14)?
4
Let i(t) = 178*t + 900. What is the thousands digit of i(32)?
6
Let v(y) = 2410*y + 879. What is the thousands digit of v(4)?
0
Suppose 2*r = -3*v + 11097, -10*v + 7*v - 16608 = -3*r. What is the units digit of r?
1
Let r be (-14)/91 - (-2)/13. Suppose 5*l - 3*l + 2*k - 1112 = 0, r = 2*l - 3*k - 1097. What is the units digit of l?
3
Suppose 3*i = -4*z + 4 + 5, -4*z + 5*i + 17 = 0. Suppose -3*y = -5*s - 34, 3*s - z*y = 4*s - 4. What is the tens digit of -1*s/((-5)/(-32))?
3
Suppose -9*f + 20163 + 29265 = 0. What is the tens digit of f?
9
Let q = -34355 - -48808. What is the units digit of q?
3
Suppose -3*k + 21 = 3*n, 0 = 243*k - 242*k - 5*n - 13. Let b(c) = -c**3 - 7*c**2 + c - 1. Let o be b(-7). What is the units digit of (-6)/k*-2 + (-812)/o?
3
Let v = 81 + -113. Let w be 1 + (-25)/5 + -72. Let g = v - w. What is the tens digit of g?
4
What is the tens digit of (-274653)/6*(-204)/306?
1
Let a(g) = -g**3 + 3*g**2 + 2*g - 1. Let q be a(3). Suppose -3*v = 5*b + 741, -2*b = -4*v - q*b - 988. Let o = -173 - v. What is the units digit of o?
4
Let p be (-4)/(-2)*((-205)/10 + 4). Let u = -38 - p. What is the tens digit of 4/u*875/(-14) - -1?
5
Let u = -52 + 63. Let s(c) = c**3 - 5*c**2 - 12*c - 8. Let m be s(u). Suppose -5*q - k + m = 0, k + 2 = 3. What is the units digit of q?
7
Let r(l) = 28*l**2 + 2*l + 64. What is the hundreds digit of r(26)?
0
Suppose 628827 + 2731692 = 67*d. What is the thousands digit of d?
0
Let t be 7 + 1 - (-4 - -1). Suppose 10 = 7*z - t. Suppose -f - z = -19. What is the tens digit of f?
1
Let i(b) = 146*b + 9349. What is the hundreds digit of i(28)?
4
Suppose 4345 - 14959 = -3*v + w, -4*w + 14152 = 4*v. Suppose -17*u + 6730 + v = 0. What is the hundreds digit of u?
6
Suppose -2*u - f - 34 = 2*u, -4*f - 40 = 4*u. Let g(b) = b**3 + 9*b**2 + 8*b - 4. Let z be g(u). What is the units digit of -2*4/z*(1 - -1)?
4
Let m(r) = -3*r - 4*r**2 + 2*r - 8 - 1 + 5*r**2. Let f be m(3). What is the tens digit of f*(-2 + (-25)/3)?
3
Suppose 4*a + 12 = 0, -12*w + 5*a + 1202 = -11*w. What is the thousands digit of w?
1
What is the tens digit of (-1 - -1)/(-2) - 31/(434/(-215250))?
7
What is the tens digit of (1608/32)/(-2 - (-445)/220)?
1
Suppose -3*l = -4*q + 12686, 3*l - 9022 = -3*q + 482. What is the hundreds digit of q?
1
Suppose v + 1215027 = 23*v + 11*v. What is the ten thousands digit of v?
3
Let p(s) = 6*s**2 - 7*s + 2. Let b be p(6). Let f be 100/(-10) - -29 - 0. Let o = f + b. What is the hundreds digit of o?
1
Let m be 1 + -1 - (-1585 + (2 - -1)). Suppose 2*f + 5*b = -m, b = -4*b - 10. What is the units digit of 4/6 - f/9?
8
Let z = 273 + -273. Suppose -t + 2*m + 178 = -276, z = -m - 5. What is the units digit of t?
4
Let m(h) = -h**2 - 8*h - 8. Let q be m(-6). Suppose -5*b = 5*p - 2785, 14*p = 16*p + q*b - 1122. What is the tens digit of p?
5
Suppose -36*i + 30*i + 228 = 0. Suppose i*c = 7913 + 18345. What is the units digit of c?
1
Suppose 2*t + 12*m - 21553 = 9*m, -3*t = -2*m - 32310. What is the thousands digit of t?
0
Suppose 3*l - 4*a = 69311, -152*l + 2*a = -156*l + 92400. What is the ten thousands digit of l?
2
Suppose 7*q = -w + 4*q + 7, -w + 3*q = 5. Let r be w - -2*(-1)/2. What is the tens digit of 2/(-2) + r + (-205)/(-1)?
0
Suppose -4*r = -231 + 167. What is the hundreds digit of (8 - -6)/(1/r)?
2
Let u(y) = 4*y**2 - 16*y - 64. What is the thousands digit of u(-17)?
1
Let k(q) = 16*q**3 - 39*q**2 + 283*q + 4. What is the ten thousands digit of k(10)?
1
Let b(i) = 3*i**2 + 3*i - 12. Let a be b(20). Suppose 2*t - 639 = 3*f, -4*t - 2*f - 2*f = -a. What is the units digit of t?
5
Suppose -i = -x + 5670, 1594*x - 1592*x = -4*i + 11340. What is the units digit of x?
0
Suppose -1117 = -20*v - 5337. Suppose -3*z + 1087 = 4*h, 2*z + 4*h - 2*h - 728 = 0. Let t = z + v. What is the tens digit of t?
5
Let i = -15 - -26. Suppose 9*y + 40 = i*y. What is the units digit of y?
0
Suppose -f + 3*f + 2412 = 5*i, 0 = 4*i - 2*f - 1930. Suppose 6*a = 430 + i. What is the units digit of a?
2
Suppose 84 = 7*j - 14. Let q = -2 - j. Let y = 50 + q. What is the tens digit of y?
3
Suppose -97*m + 92*m + 25 = 0, -5*d + m + 197905 = 0. What is the hundreds digit of d?
5
Suppose 5*v - 5075 = -2*x, -3*v + 2273 + 5353 = 3*x. Suppose -121*s + 126*s = x. What is the hundreds digit of s?
5
Let t = 5353 + -4279. What is the tens digit of t?
7
Suppose -71064 = 12*h + 64764. What is the hundreds digit of 82/123*(2 + h/(-6))?
2
Let b(h) = 3570*h - 245. What is the units digit of b(2)?
5
Suppose 5*p - 14*o = -13*o + 91594, -6*p = -2*o - 109908. What is the tens digit of p?
2
What is the units digit of (-25840)/408*1344*-2*2/20?
4
Let f = -18 - 48. Suppose 4*x + 241 + 683 = 0. Let s = f - x. What is the tens digit of s?
6
Suppose g - 22537 = -4*q, -20*g + 2*q + 45074 = -18*g. What is the tens digit of g?
3
Suppose -146 + 139 = -7*i. What is the tens digit of (-5)/i + -27 + 794?
6
Let l(h) = 14*h - 14. Suppose -x + 15 = k + 2*x, -4*k + 105 = -3*x. Suppose 0 = 5*s - 31 - k. What is the units digit of l(s)?
0
Suppose 109*k = 30*k + 133905. What is the hundreds digit of k?
6
Let r(m) = 3*m**3 - 26*m**2 - 28*m + 36. What is the thousands digit of r(13)?
1
Let i be (-10)/((-200)/15)*(5 - 1). What is the hundreds digit of (-1860)/(-9) - ((-8)/(-3) - i)?
2
Suppose -38*n + 5984 = -54*n. Let i = 859 + n. What is the tens digit of i?
8
What is the tens digit of (-18)/(-27) - (65508/(-18) - 1)?
4
Suppose -8*z = -1234 + 226. Suppose -8*t + 2*t = z. Let b = t - -81. What is the units digit of b?
0
Suppose 25 = -3*y - 2*u + 7*u, -20 = y - 4*u. Suppose -27*l + 10736 + 32464 = y. What is the hundreds digit of l?
6
Suppose 159*s + 362888 = 2575373. What is the hundreds digit of s?
9
What is the tens digit of (-96)/128*(-44276)/3 - 6?
6
Let m = -12746 + 25944. What is the thousands digit 